he remainder when s(-15) is divided by 59.
53
Suppose -6 = 4*y + 6. Let t(x) = -2*x**3 - 4*x**2 + x. Suppose 3*u - 72 = 5*p, 0*p = -p + 3. What is the remainder when u is divided by t(y)?
14
Let y = -31 - -58. Calculate the remainder when 105 is divided by y.
24
Let y = 2 - -4. Let g(r) = r - 4. Let b be g(y). Calculate the remainder when 25 is divided by 8 + b*3/6.
7
Let w(a) = a**3 - 4*a**2 + 2*a + 1. Let t be w(3). Calculate the remainder when t - (-1)/((-1)/(-7)) is divided by (-2)/5 - 17/(-5).
2
Suppose 3*o + f - 5*f = 34, f = -4*o + 39. What is the remainder when 49 is divided by o?
9
Suppose 5 = 3*p - 2*b, b + 3*b = 8. Suppose -3*m = 3, p*i + 7 = -2*i - 2*m. What is the remainder when 31 is divided by i/((-46)/22 - -2)?
9
Let q = 34 + -49. Let c = -11 - q. Suppose -18 = c*s - 7*s. Calculate the remainder when s is divided by 4.
2
Suppose -2*o = -10 - 90. What is the remainder when o is divided by 17?
16
Let i be 16*(3 - 2 - 2). Let c = 9 + i. Let z = c + 8. What is the remainder when z is divided by 1?
0
Let x = 1 - 0. What is the remainder when ((-21)/(-28) + -1)*-12 is divided by x?
0
Suppose -3*q - 2*q + 23 = -j, -15 = -3*q. Suppose 16 = j*g - 0*m + 2*m, -g = 3*m - 10. Calculate the remainder when 26 is divided by g.
5
Suppose -j - 3*w + 0*w + 28 = 0, 48 = j - w. What is the remainder when j is divided by 15?
13
Let j = 176 - 80. Suppose 0 = 3*r - j - 51. What is the remainder when r is divided by 17?
15
Let b(v) = -v - 16. Let y be b(-13). What is the remainder when 59 is divided by 1*3*(7 + y)?
11
Let y(x) = -x**2 + 18*x - 12. Calculate the remainder when 2/(-4) + 310/4 is divided by y(16).
17
Suppose 4*r = -4*h + 40, 0 = r - 2*h + 2 - 0. What is the remainder when 101 is divided by r?
5
Let v = -4 - -6. Let t be 3/(-2) + v/(-4). Calculate the remainder when 16 is divided by (-13)/(-2) + t/4.
4
Suppose -7*v + 12*v - 20 = 0. Let z(k) = -k**3 + 2*k**2 + k + 1. Let n be z(2). What is the remainder when n/6*30 + -2 is divided by v?
1
Suppose 2*v = -2*r + r + 38, 2*v - 174 = -5*r. Calculate the remainder when r is divided by 18.
16
Let g = -11 - -32. What is the remainder when 61 is divided by g?
19
Let t(v) = -v**2 - 10*v - 4. Let w be (2/5)/(6/90). Let o(i) = -i**2 + 8*i - 5. Calculate the remainder when t(-6) is divided by o(w).
6
Let k = 10 + -9. Let n = k - -2. Let j(d) = d**3 - d + 7. What is the remainder when j(0) is divided by n?
1
Let g = -47 - -104. Calculate the remainder when g is divided by 12.
9
What is the remainder when ((-75)/60)/(1/(-4))*8 is divided by 11?
7
Suppose 0 = -3*x + t + 191, 0*t - 248 = -4*x + 3*t. Let s be 7/2*(-24)/(-28). What is the remainder when x is divided by 22*(4/(-2) + s)?
21
What is the remainder when 9/(36/(-16)) - -87 is divided by 28?
27
Let y(q) = -q**3 + 8*q**2 - 6*q + 7. What is the remainder when 127 is divided by y(6)?
41
Let l(n) = n**2 - 28*n + 87. Calculate the remainder when 32 is divided by l(25).
8
Suppose -2*b = -178 + 36. Calculate the remainder when b is divided by 38.
33
Suppose 4 = 2*c + 2*c. What is the remainder when 2 is divided by c?
0
Suppose 0 = -3*r - 4*c + 89, 5*r - 82 = r + 2*c. What is the remainder when r is divided by 9?
5
Calculate the remainder when 57 is divided by 8/2 + 4 + 2 + 5.
12
Suppose -5*m + m = -44. Suppose b - 109 = -5*z, -3*z - 33 + 84 = -3*b. What is the remainder when z is divided by m?
10
Suppose -f = -0*f - 14. Calculate the remainder when 68 is divided by f.
12
Let b = -7 - -7. Suppose a + 2*a - 39 = b. Calculate the remainder when 25 is divided by a.
12
Suppose -105 = 2*l + 3*l. Let p be l/2*12/7. Calculate the remainder when 21 is divided by 1/3 + (-192)/p.
10
Let m = 32 + -23. What is the remainder when 26 is divided by m?
8
Calculate the remainder when 33 is divided by (-2)/(-1)*(1 + 3 + 1).
3
Let m be -1*24/(1 - -3). Suppose -p = -5, -k = -5*k + 3*p - 7. What is the remainder when 2 is divided by k/(-4)*(4 + m)?
0
Suppose 5*i + 2*t = 8, -4*i + 3*t = -6 - 5. Suppose 3 + 1 = i*j + 3*r, 0 = -5*j + 2*r + 10. What is the remainder when 6 is divided by j?
0
Suppose 2*h - 10 = -2*s - 0*h, 0 = 5*s + h - 21. Calculate the remainder when 26 is divided by ((-18)/s)/(2/(-4)).
8
Let k(r) = -r + 2. Let x be k(-4). Let t = 20 - x. What is the remainder when 25 is divided by t?
11
What is the remainder when 177 is divided by 36*(-3 - 7/(-2))?
15
Let o(z) = 55*z**2 - z + 2. Calculate the remainder when o(1) is divided by 19.
18
Let m = -45 - -68. What is the remainder when 44 is divided by m?
21
Let s = 2 + 5. Calculate the remainder when 24 is divided by s.
3
Suppose -4*g + 9 = -g. Let q = g - -1. Suppose -51 = t - q*t. What is the remainder when t is divided by 6?
5
Suppose r + 2*s - 3 = 8, 0 = 4*r + s - 23. Suppose -147 + 402 = r*a. What is the remainder when a is divided by 13?
12
Let p(a) = 13*a - 6. Let r be 16/(-6)*(-3)/2. Let y be p(r). Let g = y + -29. Calculate the remainder when g is divided by 6.
5
Calculate the remainder when (25/(-15) + 5)/(2/24) is divided by 79/7 + (-4)/14.
7
Let i(n) be the first derivative of n**3/3 + 11*n**2/2 - 19*n + 6. What is the remainder when i(-14) is divided by 2 + (6 - 0/(-2))?
7
Let q(h) = 3*h**2 + 10*h + 9. Calculate the remainder when q(-6) is divided by 15.
12
Let o(u) = 3*u**2 - 3*u + 2. Let p(s) be the first derivative of s**3/3 + 3*s + 1. Let k be p(0). What is the remainder when o(k) is divided by 11?
9
Let l = 8 + 18. Calculate the remainder when 102 is divided by l.
24
Let h(m) = 2*m. Suppose -2*w - 8 = -4*w. Let y be -8*(w/(-2) + 1). Calculate the remainder when 47 is divided by h(y).
15
Let y(s) be the second derivative of -s**3/2 - 9*s**2 - 3*s. What is the remainder when 32 is divided by y(-12)?
14
Suppose 2*w + 3*w + 3*g = 35, 0 = 5*g. Calculate the remainder when 34 is divided by w.
6
Suppose n - 28 = -5*z + 6, n + 4*z = 29. Calculate the remainder when 23 is divided by n.
5
Let z(q) be the second derivative of -q**5/20 + 3*q**4/4 - q**3 + 11*q**2/2 + 2*q. Let l be z(8). What is the remainder when 364/18 - 6/l is divided by 7?
6
Suppose 4*a = -3*z + 93, -4*a = -a - 2*z - 74. Calculate the remainder when 93 is divided by a.
21
Calculate the remainder when (-9)/(-4) - 6/24 is divided by 1.
0
Let w(t) = -t**3 + 6*t**2 - 6*t + 4. Let v be w(5). Let h = v + 4. Calculate the remainder when 7 is divided by h.
1
Let d = -77 - -94. What is the remainder when 82 is divided by d?
14
Suppose -2*i = -i - 4. Suppose -j + 0 = -i. Let a = -785 - -787. Calculate the remainder when j is divided by a.
0
Suppose 2*k + 3*n - 165 = 58, 3*n = 15. Suppose -3*o + o = -k. Suppose o = u + u. Calculate the remainder when u is divided by 9.
8
Suppose 3*s + 5*n - 43 = 0, 6*s - 3*s = n + 31. Suppose d = 9*d - 416. What is the remainder when d is divided by s?
8
Suppose -a - 8 = -3*a. Suppose 5*x - 88 = -33. Calculate the remainder when x is divided by a.
3
Suppose -5*i + d = -66, -18 - 46 = -5*i - d. What is the remainder when 25 is divided by i?
12
Let r = -59 - -90. Let p be (-8)/(-28) - 124/(-7). Suppose 0 = -n - 3*i - 4, -p = 3*i - 3. What is the remainder when r is divided by n?
9
Suppose -2*j + x = -99, 4*j - 162 = j - 3*x. Let t be ((-2)/(-4) - (-1 - -2))*6. What is the remainder when j/(((-27)/6)/t) is divided by 12?
10
Let k = 249 + 555. Calculate the remainder when (2/4)/(6/k) is divided by 14.
11
Let u(m) = -m - 7. Let r be u(-7). Let p be -3*(2/2 - 2). Let q = p + r. What is the remainder when q is divided by 2?
1
What is the remainder when (-1)/4 + (-217)/(-4) is divided by 14?
12
Let s be (2/(-1))/1 + 47. Suppose -3*h = -3*v + s, -12 = -5*v - 5*h + 33. What is the remainder when 33 is divided by v?
9
Suppose 16*t - 300 = 13*t. Suppose 0 = -2*p - 2*c + t, -5*p - 2*c = -400 + 147. Calculate the remainder when p is divided by 13.
12
Let w(f) = -16*f - 19. What is the remainder when 110 is divided by w(-3)?
23
Suppose -4*l - 192 = -5*y, 6*y = y + 5*l + 190. Calculate the remainder when y is divided by 639/45 + (-5)/25.
12
Suppose 14*k + 2 = 72. Calculate the remainder when 52 is divided by k.
2
Let m be (-2)/6 - 1/(-3). Suppose -4*x = -m*x - 52. Calculate the remainder when x is divided by 7.
6
Let u = 51 + -29. Suppose -2*k - u = -4*k. What is the remainder when 32 is divided by k?
10
Let c be (-80)/1 + 0 - 1. Le